der when 561 is divided by 14?
1
Calculate the remainder when 3967 is divided by 549.
124
What is the remainder when 174394 is divided by 84?
10
What is the remainder when 557581 is divided by 173?
2
What is the remainder when 2696690 is divided by 37?
19
What is the remainder when 53262 is divided by 807?
0
What is the remainder when 2117 is divided by 561?
434
What is the remainder when 22918 is divided by 156?
142
What is the remainder when 11701 is divided by 2907?
73
What is the remainder when 10091 is divided by 154?
81
Calculate the remainder when 42522 is divided by 42514.
8
Calculate the remainder when 353774 is divided by 40.
14
What is the remainder when 286 is divided by 74?
64
Calculate the remainder when 50308 is divided by 16766.
10
Calculate the remainder when 4453 is divided by 779.
558
What is the remainder when 631 is divided by 296?
39
Calculate the remainder when 3222 is divided by 30.
12
What is the remainder when 6990 is divided by 2305?
75
What is the remainder when 274 is divided by 103?
68
What is the remainder when 338665 is divided by 19921?
8
Calculate the remainder when 165595 is divided by 180.
175
Calculate the remainder when 902310 is divided by 488.
486
What is the remainder when 16353 is divided by 654?
3
Calculate the remainder when 7864 is divided by 2102.
1558
Calculate the remainder when 15952 is divided by 52.
40
Calculate the remainder when 16180 is divided by 5392.
4
Calculate the remainder when 13680 is divided by 203.
79
What is the remainder when 4044 is divided by 377?
274
What is the remainder when 18534 is divided by 33?
21
Calculate the remainder when 2507 is divided by 1177.
153
Calculate the remainder when 46878 is divided by 7.
6
What is the remainder when 1986 is divided by 49?
26
What is the remainder when 1109 is divided by 908?
201
Calculate the remainder when 1498991 is divided by 33.
32
What is the remainder when 7095 is divided by 1755?
75
Calculate the remainder when 310340 is divided by 11.
8
What is the remainder when 11969 is divided by 342?
341
What is the remainder when 3216 is divided by 168?
24
What is the remainder when 168782 is divided by 133?
5
Calculate the remainder when 1780 is divided by 1479.
301
Calculate the remainder when 46069 is divided by 11512.
21
What is the remainder when 47017 is divided by 7826?
61
What is the remainder when 565 is divided by 105?
40
Calculate the remainder when 15 is divided by 11.
4
Calculate the remainder when 11901 is divided by 64.
61
Calculate the remainder when 69898 is divided by 272.
266
What is the remainder when 3866 is divided by 216?
194
What is the remainder when 8898 is divided by 594?
582
Calculate the remainder when 596786 is divided by 6.
2
What is the remainder when 378723 is divided by 474?
471
Calculate the remainder when 7043 is divided by 7032.
11
What is the remainder when 18209 is divided by 363?
59
What is the remainder when 133616 is divided by 41?
38
What is the remainder when 8486 is divided by 203?
163
Calculate the remainder when 148871 is divided by 15.
11
What is the remainder when 12737 is divided by 96?
65
Calculate the remainder when 4901 is divided by 2428.
45
Calculate the remainder when 13446 is divided by 198.
180
Calculate the remainder when 2788 is divided by 1387.
14
What is the remainder when 990075 is divided by 11?
9
Calculate the remainder when 383628 is divided by 19.
18
Calculate the remainder when 53614 is divided by 140.
134
What is the remainder when 7392 is divided by 389?
1
Calculate the remainder when 3979 is divided by 107.
20
What is the remainder when 98375 is divided by 259?
214
What is the remainder when 110210 is divided by 47?
42
Calculate the remainder when 13342 is divided by 92.
2
What is the remainder when 25705 is divided by 459?
1
Calculate the remainder when 13620 is divided by 487.
471
Calculate the remainder when 8486 is divided by 388.
338
Calculate the remainder when 15156 is divided by 133.
127
Calculate the remainder when 11889 is divided by 114.
33
Calculate the remainder when 6721 is divided by 50.
21
Calculate the remainder when 6229 is divided by 6226.
3
Calculate the remainder when 34503 is divided by 54.
51
What is the remainder when 95314 is divided by 141?
139
Calculate the remainder when 43276 is divided by 21598.
80
Calculate the remainder when 31305 is divided by 639.
633
What is the remainder when 3902 is divided by 207?
176
Calculate the remainder when 1022660 is divided by 571.
570
What is the remainder when 62358 is divided by 770?
758
Calculate the remainder when 312476 is divided by 431.
1
What is the remainder when 128956 is divided by 7164?
4
Calculate the remainder when 2475 is divided by 1709.
766
Calculate the remainder when 61295 is divided by 4086.
5
Calculate the remainder when 7350 is divided by 3566.
218
Calculate the remainder when 15960 is divided by 954.
696
Calculate the remainder when 3683 is divided by 370.
353
Calculate the remainder when 129620 is divided by 169.
166
Calculate the remainder when 223346 is divided by 111663.
20
What is the remainder when 82755 is divided by 10343?
11
What is the remainder when 2753 is divided by 526?
123
Calculate the remainder when 869982 is divided by 496.
494
What is the remainder when 134694 is divided by 177?
174
What is the remainder when 36584 is divided by 12191?
11
What is the remainder when 12248 is divided by 193?
89
Calculate the remainder when 61822 is divided by 37.
32
What is the remainder when 3918 is divided by 1278?
84
What is the remainder when 2975 is divided by 150?
125
Calculate the remainder when 113 is divided by 21.
8
Calculate the remainder when 9738 is divided by 4859.
20
What is the remainder when 148668 is divided by 114?
12
Calculate the remainder when 38353 is divided by 19173.
7
What is the remainder when 10814 is divided by 119?
104
Calculate the remainder when 4064 is divided by 938.
312
Calculate the remainder when 44904 is divided by 18.
12
What is the remainder when 640252 is divided by 113?
107
Calculate the remainder when 223952 is divided by 74640.
32
What is the remainder when 4029 is divided by 326?
117
Calculate the remainder when 25253 is divided by 1578.
5
What is the remainder when 210797 is divided by 62?
59
What is the remainder when 2093 is divided by 75?
68
What is the remainder when 25004 is divided by 338?
330
What is the remainder when 38347 is divided by 1?
0
Calculate the remainder when 1077 is divided by 359.
0
Calculate the remainder when 1356 is divided by 1314.
42
Calculate the remainder when 6892 is divided by 414.
268
What is the remainder when 195697 is divided by 277?
135
Calculate the remainder when 269966 is divided by 243.
236
Calculate the remainder when 251638 is divided by 41937.
16
Calculate the remainder when 1865579 is divided by 295.
294
Calculate the remainder when 975 is divided by 257.
204
Calculate the remainder when 690694 is divided by 24.
22
What is the remainder when 14027 is divided by 4163?
1538
What is the remainder when 103573 is divided by 254?
195
What is the remainder when 56510 is divided by 744?
710
What is the remainder when 3295 is divided by 126?
19
Calculate the remainder when 8159 is divided by 514.
449
Calculate the remainder when 3425 is divided by 576.
545
What is the remainder when 60307 is divided by 2327?
2132
What is the remainder when 52597 is divided by 7507?
48
Calculate the remainder when 84403 is divided by 8440.
3
What is the remainder when 140976 is divided by 190?
186
Calculate the remainder when 6831 is divided by 5612.
1219
Calculate the remainder when 110703 is divided by 163.
26
What is the remainder when 635190 is divided by 9?
6
Calculate the remainder when 2540 is divided by 425.
415
Calculate the remainder when 25376 is divided by 664.
144
Calculate the remainder when 14402 is divided by 1212.
1070
What is the remainder when 17118 is divided by 209?
189
What is the remainder when 47824 is divided by 1541?
53
Calculate the remainder when 1266 is divided by 192.
114
What is the remainder when 14658 is divided by 14279?
379
Calculate the remainder when 8563 is divided by 2854.
1
Calculate the remainder when 22590 is divided by 542.
368
What is the remainder when 6973 is divided by 44